{"id":12113,"date":"2020-10-06T09:25:20","date_gmt":"2020-10-06T09:25:20","guid":{"rendered":"http:\/\/www.mvinternational.ngo\/?page_id=12113"},"modified":"2020-10-15T20:28:03","modified_gmt":"2020-10-15T20:28:03","slug":"mvi-campaign-2018","status":"publish","type":"page","link":"https:\/\/mvinternational.ngo\/fr\/mvi-campaign-2018\/","title":{"rendered":"Campagne MVI 2018"},"content":{"rendered":"<div data-elementor-type=\"wp-page\" data-elementor-id=\"12113\" class=\"elementor elementor-12113\">\n\t\t\t\t\t\t<section class=\"elementor-section elementor-top-section elementor-element elementor-element-b95638b elementor-section-boxed elementor-section-height-default elementor-section-height-default exad-glass-effect-no wpr-particle-no wpr-jarallax-no wpr-parallax-no wpr-sticky-section-no wpr-equal-height-no exad-sticky-section-no\" data-id=\"b95638b\" data-element_type=\"section\" data-e-type=\"section\">\n\t\t\t\t\t\t<div class=\"elementor-container elementor-column-gap-default\">\n\t\t\t\t\t<div class=\"elementor-column elementor-col-100 elementor-top-column elementor-element elementor-element-e6be45c column-style-top column-top exad-glass-effect-no exad-sticky-section-no\" data-id=\"e6be45c\" data-element_type=\"column\" data-e-type=\"column\">\n\t\t\t<div class=\"elementor-widget-wrap elementor-element-populated\">\n\t\t\t\t\t\t<div class=\"elementor-element elementor-element-01ee578 exad-sticky-section-no exad-glass-effect-no elementor-widget elementor-widget-video\" data-id=\"01ee578\" data-element_type=\"widget\" data-e-type=\"widget\" data-settings=\"{&quot;youtube_url&quot;:&quot;https:\\\/\\\/www.youtube.com\\\/watch?v=1eH16pXmoBY&quot;,&quot;video_type&quot;:&quot;youtube&quot;,&quot;controls&quot;:&quot;yes&quot;}\" data-widget_type=\"video.default\">\n\t\t\t\t\t\t\t<div class=\"elementor-wrapper elementor-open-inline\">\n\t\t\t<div class=\"elementor-video\"><\/div>\t\t<\/div>\n\t\t\t\t\t\t<\/div>\n\t\t\t\t<div class=\"elementor-element elementor-element-4055100 exad-sticky-section-no exad-glass-effect-no elementor-widget elementor-widget-text-editor\" data-id=\"4055100\" data-element_type=\"widget\" data-e-type=\"widget\" data-widget_type=\"text-editor.default\">\n\t\t\t\t\t\t\t\t\t<p>Parlez pour l'inclusion ! Regarderiez-vous de c\u00f4t\u00e9 si vous \u00e9tiez t\u00e9moin d'un acte de discrimination ?<\/p><p>La conception de la campagne sociale \"Parlez pour l'inclusion !\" sera \u00e9labor\u00e9e par les participants aux deux activit\u00e9s internationales, sur la base des id\u00e9es et des r\u00e9sultats d'apprentissage d\u00e9velopp\u00e9s dans le processus \u00e9ducatif. La campagne sera mise en \u0153uvre de mani\u00e8re coordonn\u00e9e par les organisations membres de MV International ainsi que par le r\u00e9seau dans leurs pays respectifs. Les actions de sensibilisation en ligne s'appuyant sur l'Internet et les m\u00e9dias sociaux (site web, blog, Facebook, Twitter, Youtube, Mail-chimp, lettres d'information) seront compl\u00e9t\u00e9es par des initiatives \u00e9ducatives hors ligne ciblant les jeunes dans la zone d'op\u00e9ration de chaque organisation membre de MVI. Les actions hors ligne de la campagne sociale seront mises en \u0153uvre par des op\u00e9rateurs de jeunesse impliqu\u00e9s dans des activit\u00e9s \u00e9ducatives, avec le soutien de chaque organisation.<\/p><p>Campagne sociale \"Parlez pour l'inclusion\" !<\/p><p>Lieu : Tous les pays membres de MVI<\/p><p>Dates : 5 octobre - 10 novembre 2018<\/p><p>Objectifs :<\/p><p>Diffuser les r\u00e9sultats obtenus dans le cadre du plan de travail parmi les cibles de jeunes et les parties prenantes dans les pays membres de MVI et au niveau plus large du Conseil de l'Europe. Am\u00e9liorer la sensibilisation, la compr\u00e9hension et l'engagement actif des cat\u00e9gories de jeunes dans les pays membres de l'IVM et au niveau plus large du Conseil de l'Europe pour contraster les ph\u00e9nom\u00e8nes de discours haineux \u00e0 l'encontre des femmes, des migrants et des r\u00e9fugi\u00e9s sur les nouveaux m\u00e9dias.<\/p><p>Favoriser la participation des parties prenantes (ONG, \u00e9tablissements d'enseignement, autorit\u00e9s publiques, groupes et associations de jeunes, m\u00e9dias) \u00e0 la lutte contre le discours de haine \u00e0 l'encontre des femmes, des migrants et des r\u00e9fugi\u00e9s sur les nouveaux m\u00e9dias, dans les pays partenaires et au niveau europ\u00e9en.<\/p><p><a href=\"https:\/\/mvinternational.ngo\/wp-content\/uploads\/2020\/09\/Manual-No-Hate-Speech-in-the-Digital-Era.pdf\">Manuel Pas de discours haineux \u00e0 l'\u00e8re num\u00e9rique<\/a><\/p>\t\t\t\t\t\t\t\t<\/div>\n\t\t\t\t<div class=\"elementor-element elementor-element-fbf81ab exad-sticky-section-no exad-glass-effect-no elementor-widget elementor-widget-image\" data-id=\"fbf81ab\" data-element_type=\"widget\" data-e-type=\"widget\" data-widget_type=\"image.default\">\n\t\t\t\t\t\t\t\t\t\t\t\t\t\t\t<img fetchpriority=\"high\" decoding=\"async\" width=\"900\" height=\"782\" src=\"https:\/\/mvinternational.ngo\/wp-content\/uploads\/2020\/10\/1-1-Copia-1024x890-1.jpg\" class=\"attachment-large size-large wp-image-12118\" alt=\"\" \/>\t\t\t\t\t\t\t\t\t\t\t\t\t\t\t<\/div>\n\t\t\t\t<div class=\"elementor-element elementor-element-4b6c1be exad-sticky-section-no exad-glass-effect-no elementor-widget elementor-widget-image\" data-id=\"4b6c1be\" data-element_type=\"widget\" data-e-type=\"widget\" data-widget_type=\"image.default\">\n\t\t\t\t\t\t\t\t\t\t\t\t\t\t\t<img decoding=\"async\" width=\"900\" height=\"782\" src=\"https:\/\/mvinternational.ngo\/wp-content\/uploads\/2020\/10\/1-1-1024x890-1.jpg\" class=\"attachment-large size-large wp-image-12117\" alt=\"\" \/>\t\t\t\t\t\t\t\t\t\t\t\t\t\t\t<\/div>\n\t\t\t\t<div class=\"elementor-element elementor-element-94dec14 exad-sticky-section-no exad-glass-effect-no elementor-widget elementor-widget-image\" data-id=\"94dec14\" data-element_type=\"widget\" data-e-type=\"widget\" data-widget_type=\"image.default\">\n\t\t\t\t\t\t\t\t\t\t\t\t\t\t\t<img decoding=\"async\" width=\"900\" height=\"719\" src=\"https:\/\/mvinternational.ngo\/wp-content\/uploads\/2020\/10\/2-1-Copia-1024x818-1.jpg\" class=\"attachment-large size-large wp-image-12116\" alt=\"\" \/>\t\t\t\t\t\t\t\t\t\t\t\t\t\t\t<\/div>\n\t\t\t\t\t<\/div>\n\t\t<\/div>\n\t\t\t\t\t<\/div>\n\t\t<\/section>\n\t\t\t\t<\/div>","protected":false},"excerpt":{"rendered":"<p>Parlez pour l'inclusion ! Regarderiez-vous de c\u00f4t\u00e9 si vous \u00e9tiez t\u00e9moin d'un acte de discrimination ? La conception de la campagne sociale \"Parlez pour l'inclusion !\" sera \u00e9labor\u00e9e par les participants aux deux activit\u00e9s internationales, sur la base des id\u00e9es et des r\u00e9sultats d'apprentissage obtenus au cours du processus \u00e9ducatif. La campagne sera mise en \u0153uvre de mani\u00e8re coordonn\u00e9e par les organisations membres de MV International ainsi que par le r\u00e9seau dans leurs pays respectifs. Les actions de sensibilisation en ligne s'appuyant sur l'Internet et les m\u00e9dias sociaux (site web, blog, Facebook, Twitter, Youtube, Mail-chimp, lettres d'information) seront compl\u00e9t\u00e9es par des initiatives \u00e9ducatives hors ligne ciblant les jeunes dans la zone d'op\u00e9ration de chaque organisation membre de MVI. Les actions hors ligne de la campagne sociale seront mises en \u0153uvre par des op\u00e9rateurs de jeunesse impliqu\u00e9s dans des activit\u00e9s \u00e9ducatives, avec le soutien de chaque organisation. Campagne sociale \"Parlez pour l'inclusion ! Lieu : Tous les pays membres de MVI Dates : 5 octobre - 10 novembre 2018 Objectifs : Diffuser les r\u00e9sultats obtenus dans le cadre du processus du plan de travail parmi le public de jeunes cibles et de parties prenantes dans les pays membres de MVI et au niveau plus large du Conseil de l'Europe. Am\u00e9liorer la sensibilisation, la compr\u00e9hension et l'engagement actif des cat\u00e9gories de jeunes dans les pays membres de l'IVM et au niveau plus large du Conseil de l'Europe dans les ph\u00e9nom\u00e8nes contrast\u00e9s de discours de haine contre les femmes, les migrants et les r\u00e9fugi\u00e9s sur les nouveaux m\u00e9dias. Favoriser l'implication des parties prenantes (ONG, \u00e9tablissements d'enseignement, autorit\u00e9s publiques, groupes et associations de jeunes, m\u00e9dias) dans la lutte contre le discours de haine \u00e0 l'encontre des femmes, des migrants et des r\u00e9fugi\u00e9s sur les nouveaux m\u00e9dias, dans les pays partenaires et au niveau du Conseil de l'Europe. Manuel \"Pas de discours de haine \u00e0 l'\u00e8re num\u00e9rique<\/p>","protected":false},"author":5,"featured_media":0,"parent":0,"menu_order":0,"comment_status":"closed","ping_status":"closed","template":"","meta":{"footnotes":""},"class_list":["post-12113","page","type-page","status-publish","hentry"],"_links":{"self":[{"href":"https:\/\/mvinternational.ngo\/fr\/wp-json\/wp\/v2\/pages\/12113","targetHints":{"allow":["GET"]}}],"collection":[{"href":"https:\/\/mvinternational.ngo\/fr\/wp-json\/wp\/v2\/pages"}],"about":[{"href":"https:\/\/mvinternational.ngo\/fr\/wp-json\/wp\/v2\/types\/page"}],"author":[{"embeddable":true,"href":"https:\/\/mvinternational.ngo\/fr\/wp-json\/wp\/v2\/users\/5"}],"replies":[{"embeddable":true,"href":"https:\/\/mvinternational.ngo\/fr\/wp-json\/wp\/v2\/comments?post=12113"}],"version-history":[{"count":4,"href":"https:\/\/mvinternational.ngo\/fr\/wp-json\/wp\/v2\/pages\/12113\/revisions"}],"predecessor-version":[{"id":12925,"href":"https:\/\/mvinternational.ngo\/fr\/wp-json\/wp\/v2\/pages\/12113\/revisions\/12925"}],"wp:attachment":[{"href":"https:\/\/mvinternational.ngo\/fr\/wp-json\/wp\/v2\/media?parent=12113"}],"curies":[{"name":"wp","href":"https:\/\/api.w.org\/{rel}","templated":true}]}}

<div data-elementor-type="wp-page" data-elementor-id="12113" class="elementor elementor-12113">
						<section class="elementor-section elementor-top-section elementor-element elementor-element-b95638b elementor-section-boxed elementor-section-height-default elementor-section-height-default exad-glass-effect-no wpr-particle-no wpr-jarallax-no wpr-parallax-no wpr-sticky-section-no wpr-equal-height-no exad-sticky-section-no" data-id="b95638b" data-element_type="section" data-e-type="section">
						<div class="elementor-container elementor-column-gap-default">
					<div class="elementor-column elementor-col-100 elementor-top-column elementor-element elementor-element-e6be45c column-style-top column-top exad-glass-effect-no exad-sticky-section-no" data-id="e6be45c" data-element_type="column" data-e-type="column">
			<div class="elementor-widget-wrap elementor-element-populated">
						<div class="elementor-element elementor-element-01ee578 exad-sticky-section-no exad-glass-effect-no elementor-widget elementor-widget-video" data-id="01ee578" data-element_type="widget" data-e-type="widget" data-settings="{&quot;youtube_url&quot;:&quot;https:\/\/www.youtube.com\/watch?v=1eH16pXmoBY&quot;,&quot;video_type&quot;:&quot;youtube&quot;,&quot;controls&quot;:&quot;yes&quot;}" data-widget_type="video.default">
							<div class="elementor-wrapper elementor-open-inline">
			<div class="elementor-video"></div>		</div>
						</div>
				<div class="elementor-element elementor-element-4055100 exad-sticky-section-no exad-glass-effect-no elementor-widget elementor-widget-text-editor" data-id="4055100" data-element_type="widget" data-e-type="widget" data-widget_type="text-editor.default">
									<p>Parlez pour l'inclusion ! Regarderiez-vous de côté si vous étiez témoin d'un acte de discrimination ?</p><p>La conception de la campagne sociale "Parlez pour l'inclusion !" sera élaborée par les participants aux deux activités internationales, sur la base des idées et des résultats d'apprentissage développés dans le processus éducatif. La campagne sera mise en œuvre de manière coordonnée par les organisations membres de MV International ainsi que par le réseau dans leurs pays respectifs. Les actions de sensibilisation en ligne s'appuyant sur l'Internet et les médias sociaux (site web, blog, Facebook, Twitter, Youtube, Mail-chimp, lettres d'information) seront complétées par des initiatives éducatives hors ligne ciblant les jeunes dans la zone d'opération de chaque organisation membre de MVI. Les actions hors ligne de la campagne sociale seront mises en œuvre par des opérateurs de jeunesse impliqués dans des activités éducatives, avec le soutien de chaque organisation.</p><p>Campagne sociale "Parlez pour l'inclusion" !</p><p>Lieu : Tous les pays membres de MVI</p><p>Dates : 5 octobre - 10 novembre 2018</p><p>Objectifs :</p><p>Diffuser les résultats obtenus dans le cadre du plan de travail parmi les cibles de jeunes et les parties prenantes dans les pays membres de MVI et au niveau plus large du Conseil de l'Europe. Améliorer la sensibilisation, la compréhension et l'engagement actif des catégories de jeunes dans les pays membres de l'IVM et au niveau plus large du Conseil de l'Europe pour contraster les phénomènes de discours haineux à l'encontre des femmes, des migrants et des réfugiés sur les nouveaux médias.</p><p>Favoriser la participation des parties prenantes (ONG, établissements d'enseignement, autorités publiques, groupes et associations de jeunes, médias) à la lutte contre le discours de haine à l'encontre des femmes, des migrants et des réfugiés sur les nouveaux médias, dans les pays partenaires et au niveau européen.</p><p><a href="https://mvinternational.ngo/wp-content/uploads/2020/09/Manual-No-Hate-Speech-in-the-Digital-Era.pdf">Manuel Pas de discours haineux à l'ère numérique</a></p>								</div>
				<div class="elementor-element elementor-element-fbf81ab exad-sticky-section-no exad-glass-effect-no elementor-widget elementor-widget-image" data-id="fbf81ab" data-element_type="widget" data-e-type="widget" data-widget_type="image.default">
															<img fetchpriority="high" decoding="async" width="900" height="782" src="https://mvinternational.ngo/wp-content/uploads/2020/10/1-1-Copia-1024x890-1.jpg" class="attachment-large size-large wp-image-12118" alt="" />															</div>
				<div class="elementor-element elementor-element-4b6c1be exad-sticky-section-no exad-glass-effect-no elementor-widget elementor-widget-image" data-id="4b6c1be" data-element_type="widget" data-e-type="widget" data-widget_type="image.default">
															<img decoding="async" width="900" height="782" src="https://mvinternational.ngo/wp-content/uploads/2020/10/1-1-1024x890-1.jpg" class="attachment-large size-large wp-image-12117" alt="" />															</div>
				<div class="elementor-element elementor-element-94dec14 exad-sticky-section-no exad-glass-effect-no elementor-widget elementor-widget-image" data-id="94dec14" data-element_type="widget" data-e-type="widget" data-widget_type="image.default">
															<img decoding="async" width="900" height="719" src="https://mvinternational.ngo/wp-content/uploads/2020/10/2-1-Copia-1024x818-1.jpg" class="attachment-large size-large wp-image-12116" alt="" />															</div>
					</div>
		</div>
					</div>
		</section>
				</div>

<p>Parlez pour l'inclusion ! Regarderiez-vous de côté si vous étiez témoin d'un acte de discrimination ? La conception de la campagne sociale "Parlez pour l'inclusion !" sera élaborée par les participants aux deux activités internationales, sur la base des idées et des résultats d'apprentissage obtenus au cours du processus éducatif. La campagne sera mise en œuvre de manière coordonnée par les organisations membres de MV International ainsi que par le réseau dans leurs pays respectifs. Les actions de sensibilisation en ligne s'appuyant sur l'Internet et les médias sociaux (site web, blog, Facebook, Twitter, Youtube, Mail-chimp, lettres d'information) seront complétées par des initiatives éducatives hors ligne ciblant les jeunes dans la zone d'opération de chaque organisation membre de MVI. Les actions hors ligne de la campagne sociale seront mises en œuvre par des opérateurs de jeunesse impliqués dans des activités éducatives, avec le soutien de chaque organisation. Campagne sociale "Parlez pour l'inclusion ! Lieu : Tous les pays membres de MVI Dates : 5 octobre - 10 novembre 2018 Objectifs : Diffuser les résultats obtenus dans le cadre du processus du plan de travail parmi le public de jeunes cibles et de parties prenantes dans les pays membres de MVI et au niveau plus large du Conseil de l'Europe. Améliorer la sensibilisation, la compréhension et l'engagement actif des catégories de jeunes dans les pays membres de l'IVM et au niveau plus large du Conseil de l'Europe dans les phénomènes contrastés de discours de haine contre les femmes, les migrants et les réfugiés sur les nouveaux médias. Favoriser l'implication des parties prenantes (ONG, établissements d'enseignement, autorités publiques, groupes et associations de jeunes, médias) dans la lutte contre le discours de haine à l'encontre des femmes, des migrants et des réfugiés sur les nouveaux médias, dans les pays partenaires et au niveau du Conseil de l'Europe. Manuel "Pas de discours de haine à l'ère numérique</p>
