{"id":12113,"date":"2020-10-06T09:25:20","date_gmt":"2020-10-06T09:25:20","guid":{"rendered":"http:\/\/www.mvinternational.ngo\/?page_id=12113"},"modified":"2020-10-15T20:28:03","modified_gmt":"2020-10-15T20:28:03","slug":"mvi-campaign-2018","status":"publish","type":"page","link":"https:\/\/mvinternational.ngo\/es\/mvi-campaign-2018\/","title":{"rendered":"Campa\u00f1a 2018 del IVM"},"content":{"rendered":"<div data-elementor-type=\"wp-page\" data-elementor-id=\"12113\" class=\"elementor elementor-12113\">\n\t\t\t\t\t\t<section class=\"elementor-section elementor-top-section elementor-element elementor-element-b95638b elementor-section-boxed elementor-section-height-default elementor-section-height-default exad-glass-effect-no wpr-particle-no wpr-jarallax-no wpr-parallax-no wpr-sticky-section-no wpr-equal-height-no exad-sticky-section-no\" data-id=\"b95638b\" data-element_type=\"section\" data-e-type=\"section\">\n\t\t\t\t\t\t<div class=\"elementor-container elementor-column-gap-default\">\n\t\t\t\t\t<div class=\"elementor-column elementor-col-100 elementor-top-column elementor-element elementor-element-e6be45c column-style-top column-top exad-glass-effect-no exad-sticky-section-no\" data-id=\"e6be45c\" data-element_type=\"column\" data-e-type=\"column\">\n\t\t\t<div class=\"elementor-widget-wrap elementor-element-populated\">\n\t\t\t\t\t\t<div class=\"elementor-element elementor-element-01ee578 exad-sticky-section-no exad-glass-effect-no elementor-widget elementor-widget-video\" data-id=\"01ee578\" data-element_type=\"widget\" data-e-type=\"widget\" data-settings=\"{&quot;youtube_url&quot;:&quot;https:\\\/\\\/www.youtube.com\\\/watch?v=1eH16pXmoBY&quot;,&quot;video_type&quot;:&quot;youtube&quot;,&quot;controls&quot;:&quot;yes&quot;}\" data-widget_type=\"video.default\">\n\t\t\t\t\t\t\t<div class=\"elementor-wrapper elementor-open-inline\">\n\t\t\t<div class=\"elementor-video\"><\/div>\t\t<\/div>\n\t\t\t\t\t\t<\/div>\n\t\t\t\t<div class=\"elementor-element elementor-element-4055100 exad-sticky-section-no exad-glass-effect-no elementor-widget elementor-widget-text-editor\" data-id=\"4055100\" data-element_type=\"widget\" data-e-type=\"widget\" data-widget_type=\"text-editor.default\">\n\t\t\t\t\t\t\t\t\t<p>Hable a favor de la inclusi\u00f3n \u00bfMirar\u00edas a un lado si vieras un acto de discriminaci\u00f3n?<\/p><p>El dise\u00f1o de la Campa\u00f1a Social \"\u00a1Habla por la Inclusi\u00f3n!\" ser\u00e1 elaborado por los participantes en las dos Actividades Internacionales, bas\u00e1ndose en las percepciones y resultados de aprendizaje desarrollados en el proceso educativo. La Campa\u00f1a ser\u00e1 implementada de forma coordinada por las organizaciones miembro de MV International as\u00ed como por la Red en sus respectivos pa\u00edses. Las acciones de sensibilizaci\u00f3n en l\u00ednea basadas en Internet y en los canales de los medios sociales (sitio web, blog, Facebook, Twitter, Youtube, Mail-chimp, boletines informativos) se complementar\u00e1n con iniciativas educativas fuera de l\u00ednea dirigidas al p\u00fablico juvenil en el \u00e1rea de operaci\u00f3n de cada organizaci\u00f3n miembro de MV. Las acciones offline de la Campa\u00f1a Social ser\u00e1n implementadas por operadores juveniles implicados en actividades educativas, con el apoyo de cada organizaci\u00f3n.<\/p><p>Campa\u00f1a social \"\u00a1Habla por la inclusi\u00f3n!\"<\/p><p>Lugar de celebraci\u00f3n: Todos los pa\u00edses miembros del IVM<\/p><p>Fechas: Del 5 de octubre al 10 de noviembre de 2018<\/p><p>Objetivos:<\/p><p>Difundir los resultados obtenidos en el proceso del Plan de Trabajo entre el p\u00fablico de j\u00f3venes destinatarios y partes interesadas en los pa\u00edses miembros del IVM y en el conjunto del CdE. Aumentar la concienciaci\u00f3n, la comprensi\u00f3n y el compromiso activo de las categor\u00edas de j\u00f3venes en los pa\u00edses miembros del IVM y en el conjunto del CdE para contrastar los fen\u00f3menos de incitaci\u00f3n al odio contra las mujeres, los inmigrantes y los refugiados en los nuevos medios de comunicaci\u00f3n.<\/p><p>Fomentar la participaci\u00f3n de las partes interesadas (ONG, instituciones educativas, autoridades p\u00fablicas, grupos y asociaciones juveniles, medios de comunicaci\u00f3n) en la lucha contra la incitaci\u00f3n al odio contra las mujeres, los inmigrantes y los refugiados en los nuevos medios de comunicaci\u00f3n, en los pa\u00edses socios y a escala comunitaria.<\/p><p><a href=\"https:\/\/mvinternational.ngo\/wp-content\/uploads\/2020\/09\/Manual-No-Hate-Speech-in-the-Digital-Era.pdf\">Manual No Hate Speech en la Era Digital<\/a><\/p>\t\t\t\t\t\t\t\t<\/div>\n\t\t\t\t<div class=\"elementor-element elementor-element-fbf81ab exad-sticky-section-no exad-glass-effect-no elementor-widget elementor-widget-image\" data-id=\"fbf81ab\" data-element_type=\"widget\" data-e-type=\"widget\" data-widget_type=\"image.default\">\n\t\t\t\t\t\t\t\t\t\t\t\t\t\t\t<img fetchpriority=\"high\" decoding=\"async\" width=\"900\" height=\"782\" src=\"https:\/\/mvinternational.ngo\/wp-content\/uploads\/2020\/10\/1-1-Copia-1024x890-1.jpg\" class=\"attachment-large size-large wp-image-12118\" alt=\"\" \/>\t\t\t\t\t\t\t\t\t\t\t\t\t\t\t<\/div>\n\t\t\t\t<div class=\"elementor-element elementor-element-4b6c1be exad-sticky-section-no exad-glass-effect-no elementor-widget elementor-widget-image\" data-id=\"4b6c1be\" data-element_type=\"widget\" data-e-type=\"widget\" data-widget_type=\"image.default\">\n\t\t\t\t\t\t\t\t\t\t\t\t\t\t\t<img decoding=\"async\" width=\"900\" height=\"782\" src=\"https:\/\/mvinternational.ngo\/wp-content\/uploads\/2020\/10\/1-1-1024x890-1.jpg\" class=\"attachment-large size-large wp-image-12117\" alt=\"\" \/>\t\t\t\t\t\t\t\t\t\t\t\t\t\t\t<\/div>\n\t\t\t\t<div class=\"elementor-element elementor-element-94dec14 exad-sticky-section-no exad-glass-effect-no elementor-widget elementor-widget-image\" data-id=\"94dec14\" data-element_type=\"widget\" data-e-type=\"widget\" data-widget_type=\"image.default\">\n\t\t\t\t\t\t\t\t\t\t\t\t\t\t\t<img decoding=\"async\" width=\"900\" height=\"719\" src=\"https:\/\/mvinternational.ngo\/wp-content\/uploads\/2020\/10\/2-1-Copia-1024x818-1.jpg\" class=\"attachment-large size-large wp-image-12116\" alt=\"\" \/>\t\t\t\t\t\t\t\t\t\t\t\t\t\t\t<\/div>\n\t\t\t\t\t<\/div>\n\t\t<\/div>\n\t\t\t\t\t<\/div>\n\t\t<\/section>\n\t\t\t\t<\/div>","protected":false},"excerpt":{"rendered":"<p>Hable a favor de la inclusi\u00f3n \u00bfMirar\u00edas a otro lado si vieras un acto de discriminaci\u00f3n? El dise\u00f1o de la Campa\u00f1a Social \"\u00a1Habla por la Inclusi\u00f3n!\" ser\u00e1 elaborado por los participantes en las dos Actividades Internacionales, bas\u00e1ndose en las percepciones y resultados de aprendizaje desarrollados en el proceso educativo. La Campa\u00f1a ser\u00e1 implementada de forma coordinada por las organizaciones miembro de MV International, as\u00ed como por la Red en sus respectivos pa\u00edses. Las acciones de sensibilizaci\u00f3n en l\u00ednea basadas en Internet y en los canales de los medios sociales (sitio web, blog, Facebook, Twitter, Youtube, Mail-chimp, boletines informativos) se complementar\u00e1n con iniciativas educativas fuera de l\u00ednea dirigidas al p\u00fablico juvenil en el \u00e1rea de operaci\u00f3n de cada organizaci\u00f3n miembro de MV. Las acciones offline de la Campa\u00f1a Social ser\u00e1n implementadas por operadores juveniles involucrados en actividades educativas, con el apoyo de cada organizaci\u00f3n. Campa\u00f1a Social \"\u00a1Habla por la Inclusi\u00f3n!\" Lugar: Todos los pa\u00edses miembros del IVM Fechas: 5 de octubre - 10 de noviembre de 2018 Objetivos: Difundir los resultados alcanzados en el proceso del Plan de Trabajo entre la audiencia de j\u00f3venes destinatarios y partes interesadas en los pa\u00edses miembros del IVM y a nivel m\u00e1s amplio del CdE. Aumentar la concienciaci\u00f3n, la comprensi\u00f3n y el compromiso activo de las categor\u00edas de j\u00f3venes en los pa\u00edses miembros del IVM y en el conjunto del CdE para contrastar los fen\u00f3menos del discurso de odio contra las mujeres, los migrantes y los refugiados en los nuevos medios de comunicaci\u00f3n. Fomentar la participaci\u00f3n de las partes interesadas (ONG, instituciones educativas, autoridades p\u00fablicas, grupos y asociaciones juveniles, medios de comunicaci\u00f3n) en la lucha contra el discurso de odio contra las mujeres, los inmigrantes y los refugiados en los nuevos medios de comunicaci\u00f3n, en los pa\u00edses socios y a nivel de la CE. Manual No al discurso del odio en la era digital<\/p>","protected":false},"author":5,"featured_media":0,"parent":0,"menu_order":0,"comment_status":"closed","ping_status":"closed","template":"","meta":{"footnotes":""},"class_list":["post-12113","page","type-page","status-publish","hentry"],"_links":{"self":[{"href":"https:\/\/mvinternational.ngo\/es\/wp-json\/wp\/v2\/pages\/12113","targetHints":{"allow":["GET"]}}],"collection":[{"href":"https:\/\/mvinternational.ngo\/es\/wp-json\/wp\/v2\/pages"}],"about":[{"href":"https:\/\/mvinternational.ngo\/es\/wp-json\/wp\/v2\/types\/page"}],"author":[{"embeddable":true,"href":"https:\/\/mvinternational.ngo\/es\/wp-json\/wp\/v2\/users\/5"}],"replies":[{"embeddable":true,"href":"https:\/\/mvinternational.ngo\/es\/wp-json\/wp\/v2\/comments?post=12113"}],"version-history":[{"count":4,"href":"https:\/\/mvinternational.ngo\/es\/wp-json\/wp\/v2\/pages\/12113\/revisions"}],"predecessor-version":[{"id":12925,"href":"https:\/\/mvinternational.ngo\/es\/wp-json\/wp\/v2\/pages\/12113\/revisions\/12925"}],"wp:attachment":[{"href":"https:\/\/mvinternational.ngo\/es\/wp-json\/wp\/v2\/media?parent=12113"}],"curies":[{"name":"wp","href":"https:\/\/api.w.org\/{rel}","templated":true}]}}

Campaña 2018 del IVM

<div data-elementor-type="wp-page" data-elementor-id="12113" class="elementor elementor-12113">
						<section class="elementor-section elementor-top-section elementor-element elementor-element-b95638b elementor-section-boxed elementor-section-height-default elementor-section-height-default exad-glass-effect-no wpr-particle-no wpr-jarallax-no wpr-parallax-no wpr-sticky-section-no wpr-equal-height-no exad-sticky-section-no" data-id="b95638b" data-element_type="section" data-e-type="section">
						<div class="elementor-container elementor-column-gap-default">
					<div class="elementor-column elementor-col-100 elementor-top-column elementor-element elementor-element-e6be45c column-style-top column-top exad-glass-effect-no exad-sticky-section-no" data-id="e6be45c" data-element_type="column" data-e-type="column">
			<div class="elementor-widget-wrap elementor-element-populated">
						<div class="elementor-element elementor-element-01ee578 exad-sticky-section-no exad-glass-effect-no elementor-widget elementor-widget-video" data-id="01ee578" data-element_type="widget" data-e-type="widget" data-settings="{&quot;youtube_url&quot;:&quot;https:\/\/www.youtube.com\/watch?v=1eH16pXmoBY&quot;,&quot;video_type&quot;:&quot;youtube&quot;,&quot;controls&quot;:&quot;yes&quot;}" data-widget_type="video.default">
							<div class="elementor-wrapper elementor-open-inline">
			<div class="elementor-video"></div>		</div>
						</div>
				<div class="elementor-element elementor-element-4055100 exad-sticky-section-no exad-glass-effect-no elementor-widget elementor-widget-text-editor" data-id="4055100" data-element_type="widget" data-e-type="widget" data-widget_type="text-editor.default">
									<p>Hable a favor de la inclusión ¿Mirarías a un lado si vieras un acto de discriminación?</p><p>El diseño de la Campaña Social "¡Habla por la Inclusión!" será elaborado por los participantes en las dos Actividades Internacionales, basándose en las percepciones y resultados de aprendizaje desarrollados en el proceso educativo. La Campaña será implementada de forma coordinada por las organizaciones miembro de MV International así como por la Red en sus respectivos países. Las acciones de sensibilización en línea basadas en Internet y en los canales de los medios sociales (sitio web, blog, Facebook, Twitter, Youtube, Mail-chimp, boletines informativos) se complementarán con iniciativas educativas fuera de línea dirigidas al público juvenil en el área de operación de cada organización miembro de MV. Las acciones offline de la Campaña Social serán implementadas por operadores juveniles implicados en actividades educativas, con el apoyo de cada organización.</p><p>Campaña social "¡Habla por la inclusión!"</p><p>Lugar de celebración: Todos los países miembros del IVM</p><p>Fechas: Del 5 de octubre al 10 de noviembre de 2018</p><p>Objetivos:</p><p>Difundir los resultados obtenidos en el proceso del Plan de Trabajo entre el público de jóvenes destinatarios y partes interesadas en los países miembros del IVM y en el conjunto del CdE. Aumentar la concienciación, la comprensión y el compromiso activo de las categorías de jóvenes en los países miembros del IVM y en el conjunto del CdE para contrastar los fenómenos de incitación al odio contra las mujeres, los inmigrantes y los refugiados en los nuevos medios de comunicación.</p><p>Fomentar la participación de las partes interesadas (ONG, instituciones educativas, autoridades públicas, grupos y asociaciones juveniles, medios de comunicación) en la lucha contra la incitación al odio contra las mujeres, los inmigrantes y los refugiados en los nuevos medios de comunicación, en los países socios y a escala comunitaria.</p><p><a href="https://mvinternational.ngo/wp-content/uploads/2020/09/Manual-No-Hate-Speech-in-the-Digital-Era.pdf">Manual No Hate Speech en la Era Digital</a></p>								</div>
				<div class="elementor-element elementor-element-fbf81ab exad-sticky-section-no exad-glass-effect-no elementor-widget elementor-widget-image" data-id="fbf81ab" data-element_type="widget" data-e-type="widget" data-widget_type="image.default">
															<img fetchpriority="high" decoding="async" width="900" height="782" src="https://mvinternational.ngo/wp-content/uploads/2020/10/1-1-Copia-1024x890-1.jpg" class="attachment-large size-large wp-image-12118" alt="" />															</div>
				<div class="elementor-element elementor-element-4b6c1be exad-sticky-section-no exad-glass-effect-no elementor-widget elementor-widget-image" data-id="4b6c1be" data-element_type="widget" data-e-type="widget" data-widget_type="image.default">
															<img decoding="async" width="900" height="782" src="https://mvinternational.ngo/wp-content/uploads/2020/10/1-1-1024x890-1.jpg" class="attachment-large size-large wp-image-12117" alt="" />															</div>
				<div class="elementor-element elementor-element-94dec14 exad-sticky-section-no exad-glass-effect-no elementor-widget elementor-widget-image" data-id="94dec14" data-element_type="widget" data-e-type="widget" data-widget_type="image.default">
															<img decoding="async" width="900" height="719" src="https://mvinternational.ngo/wp-content/uploads/2020/10/2-1-Copia-1024x818-1.jpg" class="attachment-large size-large wp-image-12116" alt="" />															</div>
					</div>
		</div>
					</div>
		</section>
				</div>

<p>Hable a favor de la inclusión ¿Mirarías a otro lado si vieras un acto de discriminación? El diseño de la Campaña Social "¡Habla por la Inclusión!" será elaborado por los participantes en las dos Actividades Internacionales, basándose en las percepciones y resultados de aprendizaje desarrollados en el proceso educativo. La Campaña será implementada de forma coordinada por las organizaciones miembro de MV International, así como por la Red en sus respectivos países. Las acciones de sensibilización en línea basadas en Internet y en los canales de los medios sociales (sitio web, blog, Facebook, Twitter, Youtube, Mail-chimp, boletines informativos) se complementarán con iniciativas educativas fuera de línea dirigidas al público juvenil en el área de operación de cada organización miembro de MV. Las acciones offline de la Campaña Social serán implementadas por operadores juveniles involucrados en actividades educativas, con el apoyo de cada organización. Campaña Social "¡Habla por la Inclusión!" Lugar: Todos los países miembros del IVM Fechas: 5 de octubre - 10 de noviembre de 2018 Objetivos: Difundir los resultados alcanzados en el proceso del Plan de Trabajo entre la audiencia de jóvenes destinatarios y partes interesadas en los países miembros del IVM y a nivel más amplio del CdE. Aumentar la concienciación, la comprensión y el compromiso activo de las categorías de jóvenes en los países miembros del IVM y en el conjunto del CdE para contrastar los fenómenos del discurso de odio contra las mujeres, los migrantes y los refugiados en los nuevos medios de comunicación. Fomentar la participación de las partes interesadas (ONG, instituciones educativas, autoridades públicas, grupos y asociaciones juveniles, medios de comunicación) en la lucha contra el discurso de odio contra las mujeres, los inmigrantes y los refugiados en los nuevos medios de comunicación, en los países socios y a nivel de la CE. Manual No al discurso del odio en la era digital</p>
