{"id":14124,"date":"2022-05-28T15:57:20","date_gmt":"2022-05-28T15:57:20","guid":{"rendered":"https:\/\/mvinternational.ngo\/?page_id=14124"},"modified":"2022-05-30T10:18:50","modified_gmt":"2022-05-30T10:18:50","slug":"vet-mobility","status":"publish","type":"page","link":"https:\/\/mvinternational.ngo\/de\/vet-mobility\/","title":{"rendered":"Tierarzt und Mobilit\u00e4t"},"content":{"rendered":"<div data-elementor-type=\"wp-page\" data-elementor-id=\"14124\" class=\"elementor elementor-14124\">\n\t\t\t\t\t\t<section class=\"elementor-section elementor-top-section elementor-element elementor-element-ac99683 elementor-section-boxed elementor-section-height-default elementor-section-height-default exad-glass-effect-no wpr-particle-no wpr-jarallax-no wpr-parallax-no wpr-sticky-section-no wpr-equal-height-no exad-sticky-section-no\" data-id=\"ac99683\" data-element_type=\"section\" data-e-type=\"section\">\n\t\t\t\t\t\t<div class=\"elementor-container elementor-column-gap-default\">\n\t\t\t\t\t<div class=\"elementor-column elementor-col-100 elementor-top-column elementor-element elementor-element-9f2c804 column-style-top column-top exad-glass-effect-no exad-sticky-section-no\" data-id=\"9f2c804\" data-element_type=\"column\" data-e-type=\"column\">\n\t\t\t<div class=\"elementor-widget-wrap elementor-element-populated\">\n\t\t\t\t\t\t<section class=\"elementor-section elementor-inner-section elementor-element elementor-element-40d2c02 elementor-section-boxed elementor-section-height-default elementor-section-height-default exad-glass-effect-no wpr-particle-no wpr-jarallax-no wpr-parallax-no wpr-sticky-section-no wpr-equal-height-no exad-sticky-section-no\" data-id=\"40d2c02\" data-element_type=\"section\" data-e-type=\"section\">\n\t\t\t\t\t\t<div class=\"elementor-container elementor-column-gap-default\">\n\t\t\t\t\t<div class=\"elementor-column elementor-col-100 elementor-inner-column elementor-element elementor-element-410c44b column-style-top column-top exad-glass-effect-no exad-sticky-section-no\" data-id=\"410c44b\" data-element_type=\"column\" data-e-type=\"column\">\n\t\t\t<div class=\"elementor-widget-wrap elementor-element-populated\">\n\t\t\t\t\t\t<div class=\"elementor-element elementor-element-2c42596 exad-sticky-section-no exad-glass-effect-no elementor-widget elementor-widget-heading\" data-id=\"2c42596\" data-element_type=\"widget\" data-e-type=\"widget\" data-widget_type=\"heading.default\">\n\t\t\t\t\t<h2 class=\"elementor-heading-title elementor-size-default\">Berufsbildung und Mobilit\u00e4t<\/h2>\t\t\t\t<\/div>\n\t\t\t\t<div class=\"elementor-element elementor-element-9ebb86e exad-sticky-section-no exad-glass-effect-no elementor-widget elementor-widget-text-editor\" data-id=\"9ebb86e\" data-element_type=\"widget\" data-e-type=\"widget\" data-widget_type=\"text-editor.default\">\n\t\t\t\t\t\t\t\t\t<p>MVI verf\u00fcgt \u00fcber ein lokales und nationales Netzwerk im Bereich der Berufsbildung und arbeitet mit \u00f6ffentlichen und privaten Einrichtungen in Sardinien und auf nationaler Ebene in Italien zusammen.<\/p><p>Koordinierung des Projekts KA1 Let's develop Touristic Skills, das sich an 30 Sch\u00fcler dreier Gymnasien in Rieti richtet: Istituto Scientifico \"Carlo Jucci\", Istituto Magistrale Statale \"Elena Principessa di Napoli\" und Liceo Scientifico dell'Istituto Omnicomprensivo von Amatrice. Das Projekt zielt darauf ab, den beteiligten jungen Studenten eine 6-w\u00f6chige Mobilit\u00e4tserfahrung in Irland zu erm\u00f6glichen. Im Rahmen der Aktivit\u00e4t werden die Teilnehmer F\u00e4higkeiten in den Bereichen Tourismus, Kultur und Bildung erwerben.<\/p><p>MVI leitet eine EYF-Kampagne (Europarat) zu Cyber-Bullying und No Hate Speech. Dank dieses Arbeitsprogramms hat MVI gute Fachkenntnisse und F\u00e4higkeiten im digitalen Bereich und im Umfeld der neuen Medien erworben.<\/p><p>Im MVI-Team gibt es einige Ausbilder\/Moderatoren (Salto akkreditiert) mit umfassender Erfahrung, die bereit sind, sich an der Umsetzung von Berufsbildungsprojekten zu beteiligen.<\/p>\t\t\t\t\t\t\t\t<\/div>\n\t\t\t\t\t<\/div>\n\t\t<\/div>\n\t\t\t\t\t<\/div>\n\t\t<\/section>\n\t\t\t\t\t<\/div>\n\t\t<\/div>\n\t\t\t\t\t<\/div>\n\t\t<\/section>\n\t\t\t\t<\/div>","protected":false},"excerpt":{"rendered":"<p>VET &amp; Mobility MVI verf\u00fcgt \u00fcber ein lokales und nationales Netzwerk im Bereich der beruflichen Bildung und arbeitet mit \u00f6ffentlichen und privaten Einrichtungen in der Region Sardinien und auf nationaler Ebene in Italien zusammen. Es koordiniert das Projekt KA1 Let's develop Touristic Skills, das sich an 30 Sch\u00fcler von drei Gymnasien in Rieti richtet, dem Istituto Scientifico \"Carlo Jucci\", dem Istituto Magistrale Statale \"Elena Principessa di Napoli\" und dem Liceo Scientifico dell'Istituto Omnicomprensivo von Amatrice. Das Projekt zielt darauf ab, den beteiligten jungen Studenten eine 6-w\u00f6chige Mobilit\u00e4tserfahrung in Irland zu erm\u00f6glichen. Im Rahmen der Aktivit\u00e4t werden die Teilnehmer F\u00e4higkeiten in den Bereichen Tourismus, Kultur und Bildung erwerben. MVI leitet eine EYF-Kampagne (Europarat) zu Cyber-Bullying und No Hate Speech. Dank dieses Arbeitsprogramms hat MVI gute Fachkenntnisse und F\u00e4higkeiten im digitalen Bereich und im Umfeld der neuen Medien erworben. Im MVI-Team gibt es einige Ausbilder\/Moderatoren (Salto akkreditiert) mit umfassender Erfahrung, die bereit sind, sich an der Umsetzung von Berufsbildungsprojekten zu beteiligen.<\/p>","protected":false},"author":5,"featured_media":0,"parent":0,"menu_order":0,"comment_status":"closed","ping_status":"closed","template":"","meta":{"footnotes":""},"class_list":["post-14124","page","type-page","status-publish","hentry"],"_links":{"self":[{"href":"https:\/\/mvinternational.ngo\/de\/wp-json\/wp\/v2\/pages\/14124","targetHints":{"allow":["GET"]}}],"collection":[{"href":"https:\/\/mvinternational.ngo\/de\/wp-json\/wp\/v2\/pages"}],"about":[{"href":"https:\/\/mvinternational.ngo\/de\/wp-json\/wp\/v2\/types\/page"}],"author":[{"embeddable":true,"href":"https:\/\/mvinternational.ngo\/de\/wp-json\/wp\/v2\/users\/5"}],"replies":[{"embeddable":true,"href":"https:\/\/mvinternational.ngo\/de\/wp-json\/wp\/v2\/comments?post=14124"}],"version-history":[{"count":7,"href":"https:\/\/mvinternational.ngo\/de\/wp-json\/wp\/v2\/pages\/14124\/revisions"}],"predecessor-version":[{"id":14158,"href":"https:\/\/mvinternational.ngo\/de\/wp-json\/wp\/v2\/pages\/14124\/revisions\/14158"}],"wp:attachment":[{"href":"https:\/\/mvinternational.ngo\/de\/wp-json\/wp\/v2\/media?parent=14124"}],"curies":[{"name":"wp","href":"https:\/\/api.w.org\/{rel}","templated":true}]}}

Tierarzt und Mobilität

<div data-elementor-type="wp-page" data-elementor-id="14124" class="elementor elementor-14124">
						<section class="elementor-section elementor-top-section elementor-element elementor-element-ac99683 elementor-section-boxed elementor-section-height-default elementor-section-height-default exad-glass-effect-no wpr-particle-no wpr-jarallax-no wpr-parallax-no wpr-sticky-section-no wpr-equal-height-no exad-sticky-section-no" data-id="ac99683" data-element_type="section" data-e-type="section">
						<div class="elementor-container elementor-column-gap-default">
					<div class="elementor-column elementor-col-100 elementor-top-column elementor-element elementor-element-9f2c804 column-style-top column-top exad-glass-effect-no exad-sticky-section-no" data-id="9f2c804" data-element_type="column" data-e-type="column">
			<div class="elementor-widget-wrap elementor-element-populated">
						<section class="elementor-section elementor-inner-section elementor-element elementor-element-40d2c02 elementor-section-boxed elementor-section-height-default elementor-section-height-default exad-glass-effect-no wpr-particle-no wpr-jarallax-no wpr-parallax-no wpr-sticky-section-no wpr-equal-height-no exad-sticky-section-no" data-id="40d2c02" data-element_type="section" data-e-type="section">
						<div class="elementor-container elementor-column-gap-default">
					<div class="elementor-column elementor-col-100 elementor-inner-column elementor-element elementor-element-410c44b column-style-top column-top exad-glass-effect-no exad-sticky-section-no" data-id="410c44b" data-element_type="column" data-e-type="column">
			<div class="elementor-widget-wrap elementor-element-populated">
						<div class="elementor-element elementor-element-2c42596 exad-sticky-section-no exad-glass-effect-no elementor-widget elementor-widget-heading" data-id="2c42596" data-element_type="widget" data-e-type="widget" data-widget_type="heading.default">
					<h2 class="elementor-heading-title elementor-size-default">Berufsbildung und Mobilität</h2>				</div>
				<div class="elementor-element elementor-element-9ebb86e exad-sticky-section-no exad-glass-effect-no elementor-widget elementor-widget-text-editor" data-id="9ebb86e" data-element_type="widget" data-e-type="widget" data-widget_type="text-editor.default">
									<p>MVI verfügt über ein lokales und nationales Netzwerk im Bereich der Berufsbildung und arbeitet mit öffentlichen und privaten Einrichtungen in Sardinien und auf nationaler Ebene in Italien zusammen.</p><p>Koordinierung des Projekts KA1 Let's develop Touristic Skills, das sich an 30 Schüler dreier Gymnasien in Rieti richtet: Istituto Scientifico "Carlo Jucci", Istituto Magistrale Statale "Elena Principessa di Napoli" und Liceo Scientifico dell'Istituto Omnicomprensivo von Amatrice. Das Projekt zielt darauf ab, den beteiligten jungen Studenten eine 6-wöchige Mobilitätserfahrung in Irland zu ermöglichen. Im Rahmen der Aktivität werden die Teilnehmer Fähigkeiten in den Bereichen Tourismus, Kultur und Bildung erwerben.</p><p>MVI leitet eine EYF-Kampagne (Europarat) zu Cyber-Bullying und No Hate Speech. Dank dieses Arbeitsprogramms hat MVI gute Fachkenntnisse und Fähigkeiten im digitalen Bereich und im Umfeld der neuen Medien erworben.</p><p>Im MVI-Team gibt es einige Ausbilder/Moderatoren (Salto akkreditiert) mit umfassender Erfahrung, die bereit sind, sich an der Umsetzung von Berufsbildungsprojekten zu beteiligen.</p>								</div>
					</div>
		</div>
					</div>
		</section>
					</div>
		</div>
					</div>
		</section>
				</div>

<p>VET &amp; Mobility MVI verfügt über ein lokales und nationales Netzwerk im Bereich der beruflichen Bildung und arbeitet mit öffentlichen und privaten Einrichtungen in der Region Sardinien und auf nationaler Ebene in Italien zusammen. Es koordiniert das Projekt KA1 Let's develop Touristic Skills, das sich an 30 Schüler von drei Gymnasien in Rieti richtet, dem Istituto Scientifico "Carlo Jucci", dem Istituto Magistrale Statale "Elena Principessa di Napoli" und dem Liceo Scientifico dell'Istituto Omnicomprensivo von Amatrice. Das Projekt zielt darauf ab, den beteiligten jungen Studenten eine 6-wöchige Mobilitätserfahrung in Irland zu ermöglichen. Im Rahmen der Aktivität werden die Teilnehmer Fähigkeiten in den Bereichen Tourismus, Kultur und Bildung erwerben. MVI leitet eine EYF-Kampagne (Europarat) zu Cyber-Bullying und No Hate Speech. Dank dieses Arbeitsprogramms hat MVI gute Fachkenntnisse und Fähigkeiten im digitalen Bereich und im Umfeld der neuen Medien erworben. Im MVI-Team gibt es einige Ausbilder/Moderatoren (Salto akkreditiert) mit umfassender Erfahrung, die bereit sind, sich an der Umsetzung von Berufsbildungsprojekten zu beteiligen.</p>
